base 8?
-363223
111011000111010100 (base 2) to base 11
155a10
-55535125 (base 6) to base 14
-31915b
Convert -9562 (base 13) to base 2.
-101000011011010
237c531 (base 13) to base 15
e72a33
153177 (base 10) to base 4
211121121
-1001110101010111 (base 2) to base 4
-21311113
What is -1100000001101000010011 (base 2) in base 16?
-301a13
What is 3140244 (base 5) in base 8?
146536
92907d (base 14) to base 5
2231121210
100122021201 (base 3) to base 16
2e534
What is -158423 (base 9) in base 3?
-11222110210
-1001001100100000001100 (base 2) to base 16
-24c80c
-1d8fe2 (base 16) to base 5
-443444003
What is 111110001110110100101 (base 2) in base 8?
7616645
What is 222112112011001 (base 3) in base 15?
1388b7d
-1303247 (base 8) to base 11
-2280a9
-106e6e (base 15) to base 13
-215456
-243591 (base 14) to base 6
-42314255
-600006 (base 7) to base 5
-11211343
What is -c0b44 (base 13) in base 12?
-147547
What is 49070 (base 12) in base 10?
98580
-167001 (base 9) to base 4
-121101133
-867004 (base 9) to base 12
-20b141
What is -10172632 (base 9) in base 5?
-2222434133
What is 100100000000000010 (base 2) in base 16?
24002
What is 132034232 (base 6) in base 9?
4828572
What is 101532 (base 6) in base 3?
102020102
Convert -684584 (base 9) to base 13.
-114913
998779 (base 13) to base 12
12655a1
-4035151 (base 7) to base 11
-2a836a
What is 1668822 (base 10) in base 3?
10010210012020
4a9e9c (base 15) to base 13
983424
-c953c (base 16) to base 9
-1486162
10012000012 (base 3) to base 9
105005
Convert -15b17c (base 15) to base 2.
-100000000010101101111
Convert 51c37 (base 13) to base 4.
203322010
What is 425bb (base 14) in base 4?
213020221
What is -42620503 (base 7) in base 4?
-31313202202
100111100111011111111 (base 2) to base 9
2387676
What is -4406426 (base 7) in base 2?
-10000011110111000010
Convert 234255315 (base 6) to base 13.
bb4a1a
What is -1c89ba (base 14) in base 13?
-29a65c
-d782 (base 16) to base 7
-316563
What is 101100010110111111100 (base 2) in base 7?
15232540
What is -45a17 (base 14) in base 6?
-3344033
Convert 450342503 (base 6) to base 2.
11111000101000101000111
What is 356634 (base 9) in base 6?
4334351
What is -10101010011000111 (base 2) in base 9?
-142602
Convert -176ca (base 16) to base 8.
-273312
49caac (base 13) to base 2
110110000001110110001
Convert 137ab (base 14) to base 15.
e416
-2050647 (base 8) to base 7
-4430323
What is -42312 (base 8) in base 14?
-65bc
Convert -b81a7b (base 12) to base 10.
-2906303
What is 11011130111 (base 4) in base 12?
543505
Convert 77cde (base 15) to base 16.
5cfed
Convert 57a936 (base 11) to base 12.
385804
What is -2221211 (base 4) in base 16?
-2a65
Convert 4616063 (base 7) to base 13.
1721c3
81d0 (base 14) to base 5
1203310
What is -3e985 (base 15) in base 2?
-110001001000111011
What is a479 (base 13) in base 10?
22746
a5551a (base 12) to base 16
27b1a6
Convert -5686574 (base 9) to base 15.
-40943d
What is 1050244 (base 6) in base 11?
36aa7
Convert -aa30c5 (base 14) to base 13.
-12708a1
Convert -37b795 (base 12) to base 4.
-3132212201
Convert 4199580 (base 10) to base 2.
10000000001010010011100
Convert -140a6 (base 15) to base 13.
-23349
Convert 32321540 (base 6) to base 2.
11101010001111100100
What is -222035 (base 8) in base 5?
-4343111
124478 (base 12) to base 3
120010121202
1116016 (base 10) to base 4
10100131300
24ad5 (base 15) to base 2
11100100111010000
What is 10010201002 (base 3) in base 11?
42438
What is 1111011110000000101 (base 2) in base 15?
a02c5
Convert 17f4e4 (base 16) to base 3.
2221202122220
Convert -463a61 (base 12) to base 8.
-4230051
What is 29cac (base 14) in base 5?
11312112
1000101220 (base 4) to base 7
2144362
What is 11621120 (base 8) in base 9?
4738073
Convert 10b20a (base 12) to base 4.
1001131222
What is 47220a (base 15) in base 2?
1100111101110110101101
What is 5578365 (base 9) in base 2?
1011011101100001011111
Convert 5641016 (base 7) to base 3.
1022111220122
Convert 1104123212 (base 5) to base 4.
21030220301
-42455350 (base 7) to base 12
-1261574
-431907 (base 14) to base 12
-91632b
Convert 225662 (base 7) to base 6.
511205
What is -3212143221 (base 5) in base 9?
-13636514
-111011101000010011 (base 2) to base 15
-4c57d
78770 (base 13) to base 15
44c52
What is -131122232 (base 4) in base 12?
-59892
10257da (base 14) to base 13
176b16c
What is -231355116 (base 7) in base 13?
-2c27286
26871 (base 12) to base 13
1b20b
What is -781726 (base 9) in base 13?
-134829
210013241 (base 5) to base 2
11010010000100011110
Convert -11100122221 (base 3) to base 11.
-5949a
Convert -6645650 (base 8) to base 10.
-1788840
Convert 52731 (base 12) to base 4.
122122111
What is 17a332 (base 13) in base 6?
20420442
-421121411 (base 5) to base 9
-3240381
-1b48 (base 15) to base 11
-44a0
23421011 (base 5) to base 13
77a0a
What is -37d0b8 (base 14) in base 3?
-10121110022010
Convert -424505405 (base 6) to base 16.
-7284ad
Convert -14431231 (base 5) to base 4.
-211320313
Convert -b83813 (base 12) to base 16.
-2c64cf
Convert 10010201010221 (base 3) to base 8.
6270401
Convert -1ff55e (base 16) to base 14.
-3c73c2
443403 (base 5) to base 13
7078
What is 106625226 (base 7) in base 11?
3793307
Convert 241200 (base 7) to base 5.
2344114
-972689 (base 13) to base 14
-684953
-101121110010110 (base 3) to base 10
-5638179
What is 41225004 (base 7) in base 15?
482c06
Convert 4535140 (base 7) to base 6.
20025214
-44814 (base 15) to base 5
-23432234
Convert 2b272 (base 16) to base 11.
110886
Convert -402684 (base 9) to base 3.
-110002202211
Convert 3562903 (base 11) to base 15.
82a6c8
Convert 2552054 (base 11) to base 4.
100320021233
Convert 1512033 (base 9) to base 3.
1120102001010
Convert -396bc (base 13) to base 7.
-622601
What is 32221021 (base 4) in base 11?
41075
-222434 (base 7) to base 8
-114633
Convert 211202002220 (base 3) to base 15.
8c9a9
What is 1b786a2 (base 12) in base 10?
5883098
Convert 256582 (base 9) to base 7.
1216046
Convert -302413 (base 6) to base 16.
-5d69
2427208 (base 9) to base 10
1317473
Convert -300413033 (base 5) to base 13.
-326721
Convert -279072 (base 12) to base 2.
-10100000110000010110
What is 103132013 (base 4) in base 13?
2a3b9
21202222121 (base 3) to base 6
3140411
Convert 1481048 (base 9) to base 5.
202232043
What is -223031142 (base 5) in base 8?
-3606466
-13365124 (base 7) to base 16
-12f7db
Convert 949405 (base 11) to base 13.
4130cb
Convert 94838d (base 14) to base 15.
69169a
-1000101101010000110 (base 2) to base 7
-2265555
What is -799497 (base 10) in base 9?
-1447630
Convert 6161 (base 14) to base 9.
24865
What is 40237a (base 11) in base 7?
5334135
-12b741 (base 14) to base 12
-271bb9
What is -44a2323 (base 12) in base 15?
-124b6c9
What is 138a5a6 (base 11) in base 14?
4616b7
Convert 2355440 (base 6) to base 7.
1025406
Convert -17aba (base 14) to base 3.
-10000221220
-77452a (base 11) to base 2
-100101101101101011101
7484785 (base 10) to base 11
4252480
-16243 (base 13) to base 4
-22102120
Convert 1140130 (base 9) to base 12.
258b76
-10111100100101110 (base 2) to base 13
-34c47
What is -42467 (base 12) in base 5?
-10241210
What is 1043130 (base 6) in base 8?
146476
Convert 112d66 (base 15) to base 11.
50a9a7
What is 975850 (base 12) in base 6?
123153340
-3aab8c (base 15) to base 14
-535d6c
-101111111111101110100 (base 2) to base 6
-53413044
What is -13070118 (base 9) in base 5?
-3121021232
What is -4605720 (base 10) in base 12?
-1661420
Convert 2012110201010 (base 3) to base 15.
181c76
Convert 120001212210 (base 4) to base 12.
2138830
Convert -322302022123 (base 4) to base 15.
-1545d14
Convert 44062 (base 10) to base 2.
1010110000011110
What is -566830 (base 10) in base 4?
-2022120232
-227242 (base 9) to base 8
-412513
-126802 (base 9) to base 12
-3880b
What is 155014 (base 9) in base 5?
11024022
Convert -4205220 (base 9) to base 5.
-1033411222
What is -4140560 (base 8) in base 7?
-12222306
What is 132143443 (base 7) in base 16?
81acdb
What is 1052100 (base 8) in base 4?
1011101000
Convert -116a13 (base 11) to base 3.
-100101122020
Convert -101223312 (base 4) to base 14.
-1c582
What is -6154654 (base 8) in base 14?
-30571a
Convert -17d2b7 (base 15) to base 14.
-22215d
100113330223 (base 4) to base 5
2044324040
Convert -311122033 (base 4) to base 12.
-a6727
Convert -101111001